504, b + t = 4*l - 0*b. Is l composite?
True
Suppose 11*u = 10*u - 2. Is 48/16*(u + 10245/9) composite?
True
Let p = 118098 - -106303. Is p prime?
True
Let n = 191606 - -190235. Is n prime?
True
Let g = -73434 + 180032. Is g composite?
True
Let f(y) = 9*y**2 - 5*y - 1. Let d be 3*1 - (0 - 3). Is f(d) a composite number?
False
Suppose -c + 0*c + 5*q = -34, 0 = -4*c + 3*q + 102. Is 48798/c - ((-3)/(-12) + 0) a prime number?
False
Let y be 0 - (-3 + 5827) - 2. Let n = -1568 - y. Is n a composite number?
True
Is -8 + 8/8 + 321116 a prime number?
True
Let i(a) = 245*a**2 - 2*a + 2. Let y be -2*-2*5/20. Let q be i(y). Suppose -4*n + 53 + 247 = 4*r, -3*r + q = -2*n. Is r a prime number?
True
Is 4*(90/60)/(6/22367) prime?
True
Let b = -1538 - -122575. Is b composite?
True
Suppose -3*m = -3*x + 21, -7*x = -10*x + 15. Let g(l) = -3419*l + 3. Is g(m) a composite number?
False
Let k(x) = -142*x + 255 + 224*x + 68*x + 10 + 278*x. Is k(6) composite?
False
Let u be ((-7)/14 - (-1)/6)*-12. Suppose -198 = u*i + 2*i. Is i/(-2)*(-518)/(-21) prime?
False
Suppose 2*r = -2*o + r - 30, 3*o + 45 = 5*r. Let y be (670/(-25))/((-3)/o). Let f = y + 247. Is f composite?
False
Suppose -3*a + 4*a = 3. Suppose -2*x + 2*f + 1052 = 0, 5*f + 1588 = a*x - 0*f. Is x a prime number?
True
Suppose 315*m = -105*m + 623272020. Is m a prime number?
False
Is 20/130 + (-83236538)/(-286) a composite number?
False
Suppose 3*h - 2*v - 32083 = -3*v, 3*v + 15 = 0. Suppose -10*n + 18*n = h. Is n prime?
False
Let m(d) = 183*d**2 + 13*d - 36. Let w be m(13). Suppose -w - 217706 = -42*c. Is c composite?
False
Suppose 3*m - 572362 = 15*z - 16*z, -2*m = 18. Is z a composite number?
True
Let z(x) = -25*x - 511*x**2 + 30*x - 500*x**2. Let r be z(3). Let b = 17179 + r. Is b prime?
False
Let y(r) = r**2 + 21*r - 95. Let c be y(4). Let p(m) = 655*m**2 + 24*m - 77. Is p(c) prime?
False
Suppose 105 = -25*y + 26*y. Suppose -110 - y = -3*h + i, -61 = -h - 5*i. Suppose -12*k + 61 = -h. Is k composite?
False
Let g(r) = 42*r**3 - 19*r**2 - 16*r + 38. Is g(15) a prime number?
True
Suppose -125 = -11*k - 37. Let g be (k/(-12))/((-2)/18). Let a(n) = 62*n + 39. Is a(g) composite?
True
Let y(m) = 6*m**3 + 20*m**2 + 11*m - 9. Let t be y(12). Let d = t + -9524. Is d composite?
False
Let z be (-3 + -284 + -6)*-21. Suppose 2*p = 2*m - 0*p - 4102, -3*m + z = 3*p. Is m prime?
False
Suppose -4*q = 5*t + 22 - 7, -5 = -q. Is (3 - (-760)/6)*(2 - t) a prime number?
False
Let m be 9/3 + (0 - 6/2). Suppose 4*c = -3*n + 29, n + 2*n + 5*c - 34 = m. Suppose -n*s = t - 205, 0*s + 343 = 5*s + 2*t. Is s a prime number?
True
Suppose -5*m + n + 5395 = 0, -613 + 3827 = 3*m + 4*n. Suppose 0 = 2*h - 4*t - 906, -h - 3*t + 885 = h. Let y = m - h. Is y a prime number?
True
Suppose 325*a = 8097428 + 40159547. Is a prime?
True
Suppose -k + 4*o + 20486 = k, 3*o - 51163 = -5*k. Let q = k + -6832. Is q composite?
True
Suppose -202*f = 18116668 - 53475354. Is f a prime number?
False
Suppose k - 4*t = 6822, 0*t - 34161 = -5*k + 3*t. Suppose -2*p + 5*n + 6879 = 0, 0*p = -2*p - 4*n + k. Is p composite?
True
Let s be -1*(-3)/((-18)/48). Let f be 2*(-3 + 28/s). Is (-4)/((-12)/51)*(-6 - f) a prime number?
False
Let q(w) = 3*w**3 - 105*w**2 - 271*w - 7. Is q(46) prime?
False
Is (-1)/((-4)/171502)*-46*(-51)/1173 a prime number?
True
Let g be (11316 + -3)/3 + (1 - 0). Suppose -g + 965 = -7*t. Suppose -2*c + 25 = -t. Is c prime?
False
Suppose 0 = -5*z - 5*j + 11750, 2*j + 5915 = 2*z + 1235. Suppose -5*a = 5*d - 9155, -3*d + 3150 + z = 4*a. Is d a composite number?
True
Let v(t) = 6*t**3 - 100*t**2 + 104*t + 241. Is v(40) prime?
False
Let u(t) = -38 - 1377*t + 8 + 10. Is u(-3) a composite number?
False
Let f be ((-1)/((-8)/102))/((-6)/(-32)). Let s = 11 + f. Is (-2 - (s - 2))/(-3 + 2) composite?
False
Let a be 3 + -1 + (377017 - 35). Suppose -a = -23*o + 523627. Is o prime?
True
Suppose -5*p - 2*r - 28 = -2*p, 2*p - r + 7 = 0. Suppose q = -2*w + 717, -q + 3*q + 2*w = 1432. Let v = p + q. Is v composite?
False
Suppose 3*p + 9*s - 427785 = 0, -4*p + 5*s = p - 712835. Is p prime?
False
Let f(y) = y + 14. Suppose 15 = 2*w + 3*w. Let z be f(w). Suppose -12*h = -z*h + 14075. Is h a composite number?
True
Let h(o) = 444*o**2 - 20*o + 83. Is h(-16) composite?
False
Suppose -7*j - 22*j = -11*j. Suppose 8*y + 2*y - 5190 = j. Is y composite?
True
Is 3059/161 - -3020*21 prime?
True
Let a = -417 - -421. Suppose 0 = 3*i + 4*y - 6727, a*y + 4458 = -4*i + 6*i. Is i a prime number?
True
Let z(s) = -s**3 + 5*s**2 - 2*s - 4. Let c be z(3). Suppose 0 = -2*f + t + 17854, -5*t + c*t = 12. Is f prime?
True
Let s(q) = 12089*q**2 - 35*q - 23. Is s(4) a composite number?
False
Let c = 1548 + -148. Let l = c + -479. Is l a prime number?
False
Let u be (-1 - (-10)/4)*(-19 - -21). Suppose -4*l + 956 = -2*o - 2722, -u*o + 4592 = 5*l. Is l prime?
True
Suppose 2*q - 1050 = 2*g, -4*q = -5*g - 1672 - 958. Is (2/5)/2 - 286624/g a composite number?
False
Suppose -2 = 2*t - 18*i + 17*i, 3*t + 2*i = 4. Suppose t = -17*u + 12*u + 815. Is u prime?
True
Let g be (-108)/(-2)*32/(-64). Is 7718*(g/(-6))/(-9)*-1 a composite number?
True
Let b be 8/((-8)/3) - -7. Suppose -r + 2 + b = 0. Suppose -5*x + y - r*y = -1080, y = x - 226. Is x a prime number?
False
Suppose 115 - 9 = d - 2*m, -4*d - 3*m = -391. Let j = 104 - d. Suppose -2*l + j*z = -4649 - 1717, -5*l = 3*z - 15967. Is l a composite number?
False
Suppose 3*v + 2*m = 1541925, -v + 513974 = 52*m - 51*m. Is v a composite number?
False
Let t(v) = -5*v**2 - 26*v + 5. Let f(w) = -w**2 - 5*w + 1. Let m(h) = 11*f(h) - 2*t(h). Let u be m(-2). Suppose 4*z = -u - 1, -4*o + z = -4749. Is o composite?
False
Let t be (-431)/(-5) - ((-40)/50)/(-4). Is 5/(-1) + (t - 0)*122 a prime number?
True
Let m(d) = -6*d**2 + 15*d - 6. Let s(p) be the third derivative of p**5/10 - 7*p**4/12 + 5*p**3/6 - 12*p**2. Let x(f) = -6*m(f) - 5*s(f). Is x(14) prime?
True
Let d(p) = -1894*p + 39. Let q(k) = k**3 - 3*k**2 - 29*k - 15. Let l be q(-4). Is d(l) composite?
False
Let k = -11514 - -58260. Suppose -10*x - 4076 = -k. Is x a prime number?
False
Let d(n) = -n**2 + 14*n - 56. Let i be d(8). Is (6 - 78)/i + 14942 composite?
False
Let l(c) = -16 + 0*c**3 - 5*c**3 + 2*c**3 - 18*c**2 + 18*c + 2*c**3. Let w be l(-19). Suppose -w*y + 660 = 2*j + y, -y + 1334 = 4*j. Is j composite?
True
Suppose -56*k = -64*k + 167094 + 561538. Is k prime?
True
Let x(h) = 3*h**2 + 14*h + 8. Let b be x(-4). Let y be (-15)/((-120)/50288) + b/(-2). Suppose 0 = -30*p + 32*p - y. Is p a composite number?
True
Suppose -6*x + 5*j + 8 = -4*x, -3*x + 25 = -j. Let z = x + -4. Suppose -z*l + 602 = -c + 50, 2*l - 228 = -2*c. Is l prime?
False
Suppose 0 = -3*f - 5*w + 18986, -31571 = -5*f + 54*w - 52*w. Is f a prime number?
True
Let s(c) = 757*c**2 - 216*c - 23. Is s(-12) a prime number?
True
Let k(x) = -2695*x + 96. Is k(-5) a composite number?
True
Suppose -3*o - 9004 = -79396. Suppose -65*g = -9*g - o. Is g a prime number?
True
Suppose 0 = 11*x - 16177 + 17908 - 287753. Is x composite?
True
Suppose 4 = -4*x, 0 = 5*b + x - 9 - 5. Suppose 0 = -s + a - 829 + 7273, s = b*a + 6434. Is s prime?
True
Suppose 4*b - 3*v = 11, -b + 0*b = -2*v + 1. Let o = 79 - 77. Suppose -5*j + 9720 = b*a, -o*a + j = 6*j - 3873. Is a prime?
True
Suppose -62*n + 47*n + 144645 = 0. Is n a composite number?
False
Suppose 148067380 = 292*y + 251*y - 163*y. Is y composite?
False
Let t(n) = 3*n + 8. Let m be t(1). Let o = m + -53. Let x = 129 + o. Is x prime?
False
Suppose 0 = -5*w - 2*p + 9782674, 4*p = 482 - 514. Is w a composite number?
True
Let h be -66*2/(-4)*(-2)/6. Let f be h/2*1*(-3 - -9). Is 2276/6 - (-11)/f a composite number?
False
Let q(g) = 150*g**2 - 158*g - 1713. Is q(-10) prime?
True
Suppose 3*s - 53307 = -3*m, 26*s + 35538 = 2*m + 30*s. Is m prime?
False
Let r(n) = -66*n**3 - 10*n**2 - 36*n - 75. Is r(-11) a prime number?
False
Suppose -7*r = -21 - 7. Let d(n) = -r*n - 10*n + 11 + n. Is d(-6) composite?
False
Let z be ((-186)/(-155))/(9/105). Suppose 17*l - z*l = 19167. Is l composite?
False
Suppose 4*f = 20*f - 400. Suppose 10 = -5*r + f. Suppose 5 = r*p + 2, p + 613 = l. Is l composite?
True
Suppose 4*u - 4*t - t = 3, 40 = 5*u + t. Let a be (3 - u) + -178 + 1. Let l = 4 - a. Is l a composite number?
True
Suppose -66*c - 3